{"id":2,"date":"2022-04-19T22:08:10","date_gmt":"2022-04-19T20:08:10","guid":{"rendered":"https:\/\/timkees.com\/?page_id=2"},"modified":"2023-11-29T07:35:15","modified_gmt":"2023-11-29T06:35:15","slug":"team-timkees","status":"publish","type":"page","link":"https:\/\/timkees.com\/index.php\/team-timkees\/","title":{"rendered":"\u00dcber uns Timkees"},"content":{"rendered":"\n<p><\/p>\n\n\n\n<p>Tauchen Sie ein in die wundersame Welt der Edelsteine und Mineralien \u2013 von ihrer nat\u00fcrlichen Rohform bis hin zu ihrer ungeschliffenen und unbehandelten Sch\u00f6nheit. <\/p>\n\n\n\n<p>Wir sind Pinkee, Peter und Timon und unser gemeinsames Interesse an Mineralien hat uns in \u00d6sterreich beim Smaragd suchen zusammengef\u00fchrt. <\/p>\n\n\n\n<p>Dabei wurde uns schnell klar, dass unsere Begeisterung f\u00fcr die einzigartigen Eigenschaften von Mineralien und Edelsteinen weit \u00fcber das Normale hinausgeht. <\/p>\n\n\n\n<p>Von Anfang an haben wir uns blendend verstanden und gemeinsam haben wir in den letzten Jahren weitere Sch\u00e4tze in den Schweizer Alpen entdeckt.<\/p>\n\n\n\n<p>Jeder dieser Edelsteine und Mineralien hat seine eigene Geschichte und Herkunft, die es zu entdecken gilt. Wir haben uns auf die Suche gemacht und sind f\u00fcndig geworden. Die rohen, ungeschliffenen und unbehandelten Steine, die wir gefunden haben, sind von einer atemberaubenden Sch\u00f6nheit und seltenen Qualit\u00e4t. <\/p>\n\n\n\n<p>Von funkelnden Kristallen bis hin zu farbenpr\u00e4chtigen Mineralien haben wir eine Vielzahl von Sch\u00e4tzen entdeckt, die nur darauf warten, von Ihnen bewundert zu werden.<\/p>\n\n\n\n<p>Wir lieben es, die einzigartige Sch\u00f6nheit jedes einzelnen Steins zu entdecken und zu bewundern. <\/p>\n\n\n\n<p>F\u00fcr uns ist jeder Fund ein aufregendes Abenteuer, das uns tiefer in die faszinierende Welt der Edelsteine und Mineralien f\u00fchrt. Unsere Leidenschaft f\u00fcr diese nat\u00fcrlichen Sch\u00f6nheiten hat uns nicht nur zu gro\u00dfartigen Funden gef\u00fchrt, sondern uns auch zu engen Freunden gemacht.<\/p>\n\n\n\n<p>Unsere Reisen durch die Schweizer Alpen haben uns gezeigt, dass es noch so viel zu entdecken gibt. Wir werden weiterhin auf der Suche nach neuen Sch\u00e4tzen sein und freuen uns darauf, unsere Entdeckungen mit Ihnen zu teilen. <\/p>\n\n\n\n<p>Jeder Stein hat seine eigene Geschichte zu erz\u00e4hlen und wir k\u00f6nnen es kaum erwarten, Sie mit auf diese unvergessliche Reise zu nehmen.<\/p>\n\n\n\n<p><\/p>\n\n\n\n<p><\/p>\n\n\n\n<p><\/p>\n\n\n\n<p>Mineralientage Z\u00fcrich, Spreitenbach 2023<\/p>\n\n\n\n<figure class=\"wp-block-image size-full is-resized\"><img loading=\"lazy\" decoding=\"async\" width=\"1024\" height=\"768\" src=\"https:\/\/timkees.com\/wp-content\/uploads\/2023\/11\/IMG-20231125-WA0017.jpg\" alt=\"\" class=\"wp-image-100\" style=\"width:343px;height:auto\" srcset=\"https:\/\/timkees.com\/wp-content\/uploads\/2023\/11\/IMG-20231125-WA0017.jpg 1024w, https:\/\/timkees.com\/wp-content\/uploads\/2023\/11\/IMG-20231125-WA0017-300x225.jpg 300w, https:\/\/timkees.com\/wp-content\/uploads\/2023\/11\/IMG-20231125-WA0017-768x576.jpg 768w, https:\/\/timkees.com\/wp-content\/uploads\/2023\/11\/IMG-20231125-WA0017-416x312.jpg 416w\" sizes=\"auto, (max-width: 1024px) 100vw, 1024px\" \/><\/figure>\n\n\n\n<figure class=\"wp-block-image size-full is-resized\"><img loading=\"lazy\" decoding=\"async\" width=\"1024\" height=\"768\" src=\"https:\/\/timkees.com\/wp-content\/uploads\/2023\/11\/IMG-20231125-WA0015.jpg\" alt=\"\" class=\"wp-image-102\" style=\"width:344px;height:auto\" srcset=\"https:\/\/timkees.com\/wp-content\/uploads\/2023\/11\/IMG-20231125-WA0015.jpg 1024w, https:\/\/timkees.com\/wp-content\/uploads\/2023\/11\/IMG-20231125-WA0015-300x225.jpg 300w, https:\/\/timkees.com\/wp-content\/uploads\/2023\/11\/IMG-20231125-WA0015-768x576.jpg 768w, https:\/\/timkees.com\/wp-content\/uploads\/2023\/11\/IMG-20231125-WA0015-416x312.jpg 416w\" sizes=\"auto, (max-width: 1024px) 100vw, 1024px\" \/><\/figure>\n\n\n\n\n\n<p><\/p>\n\n\n\n<p>Pinkee und Timon<\/p>\n\n\n\n<p><\/p>\n\n\n\n<p>Timon: mail@timkees.com<\/p>\n\n\n\n<p>www.timonm\u00fcller.ch<\/p>\n\n\n\n<p><\/p>\n\n\n\n<p>Pinkee: 0788511970<\/p>\n\n\n\n<p><\/p>\n","protected":false},"excerpt":{"rendered":"<p>Tauchen Sie ein in die wundersame Welt der Edelsteine und Mineralien \u2013 von ihrer nat\u00fcrlichen Rohform bis hin zu ihrer ungeschliffenen und unbehandelten Sch\u00f6nheit. Wir sind Pinkee, Peter und Timon und unser gemeinsames Interesse an Mineralien hat uns in \u00d6sterreich beim Smaragd suchen zusammengef\u00fchrt. Dabei wurde uns schnell klar, dass unsere Begeisterung f\u00fcr die einzigartigen [&hellip;]<\/p>\n","protected":false},"author":1,"featured_media":0,"parent":0,"menu_order":0,"comment_status":"closed","ping_status":"closed","template":"","meta":{"footnotes":""},"class_list":["post-2","page","type-page","status-publish","hentry"],"jetpack_sharing_enabled":true,"_links":{"self":[{"href":"https:\/\/timkees.com\/index.php\/wp-json\/wp\/v2\/pages\/2","targetHints":{"allow":["GET"]}}],"collection":[{"href":"https:\/\/timkees.com\/index.php\/wp-json\/wp\/v2\/pages"}],"about":[{"href":"https:\/\/timkees.com\/index.php\/wp-json\/wp\/v2\/types\/page"}],"author":[{"embeddable":true,"href":"https:\/\/timkees.com\/index.php\/wp-json\/wp\/v2\/users\/1"}],"replies":[{"embeddable":true,"href":"https:\/\/timkees.com\/index.php\/wp-json\/wp\/v2\/comments?post=2"}],"version-history":[{"count":11,"href":"https:\/\/timkees.com\/index.php\/wp-json\/wp\/v2\/pages\/2\/revisions"}],"predecessor-version":[{"id":189,"href":"https:\/\/timkees.com\/index.php\/wp-json\/wp\/v2\/pages\/2\/revisions\/189"}],"wp:attachment":[{"href":"https:\/\/timkees.com\/index.php\/wp-json\/wp\/v2\/media?parent=2"}],"curies":[{"name":"wp","href":"https:\/\/api.w.org\/{rel}","templated":true}]}}